
Let s(t) = 7*t - 22. Let d be s(4). Let q(g) = g + d*g + 7 - 2*g - 4*g. What is q(-3)?
4
Let v = 5 + -3. Let s be (-1)/(v*3/18). Let m(j) = -2*j**2 - 4*j - 16. Let c(b) = 2. Let u(z) = 6*c(z) + m(z). Determine u(s).
-10
Let n = 72 - 70. Let q(z) = n*z + 1 + 5 - 2*z**3 - 3. Give q(-2).
15
Let p(v) = v**3 + 3*v**2 + 2*v - 4. Suppose 12 + 12 = -8*n. What is p(n)?
-10
Let l(o) = 1 + 24 + 6*o - 4 - 18 + o**2. Let d be ((-2)/2)/((-1)/(-7)). Let q = 3 + d. Give l(q).
-5
Suppose 0 = s - 5, -4*s + 8 + 12 = -w. Let b(f) = -f + 16. Let k be b(17). Let g(q) = -5*q - 6. Let a(d) = -d. Let y(z) = k*g(z) + 6*a(z). What is y(w)?
6
Let n(m) = 5*m - 17. Let k(p) = 6*p - 23. Let u(b) = 3*k(b) - 2*n(b). What is u(5)?
5
Suppose -t + 9 = -3*o, 5*t - 9 = 4*t + o. Suppose 14*r - 85 = t*r. Let f(n) = 3*n**2 - r*n + 22*n - 2*n**2 + 6. What is f(-4)?
2
Let u be -6 + 1 + 2/1. Let v(g) = 1 - 2 + 3 + 1 - g**3 - g**2 + 4*g. Give v(u).
9
Let i(y) = -y**2 - 5*y. Suppose -4*z - u + 61 = z, z + 4*u = -3. Let l = z - 12. Let q = l + -6. Calculate i(q).
0
Let z(f) = f. Let v(i) = -30 - 4*i + 40 + i. Let o(a) = v(a) + 5*z(a). Let q(b) = -3*b**2 + 4*b - 3. Let l be q(2). Determine o(l).
-4
Let g(j) be the second derivative of j**5/20 + 2*j**4/3 + 3*j**3/2 + 9*j**2/2 - 3*j + 37. Calculate g(-7).
-5
Let b = 143 + -148. Let j(v) = -5 - 8*v**2 - 3 + 15 + 2*v**2 - v**3 - 2*v. What is j(b)?
-8
Let h(c) = -13*c - 1. Let l(b) = -232*b - 16. Let y(p) = 36*h(p) - 2*l(p). Give y(-2).
4
Let x(d) = 17*d**2 - 5*d + 27. Let r(v) = -19*v**2 + 7*v - 28. Let y(i) = 8*r(i) + 9*x(i). Determine y(-8).
-5
Let b(i) = 25 - 14*i**2 - 9*i + 6*i**2 + 11*i**2 - 2*i**2. Give b(7).
11
Let s(y) = 3*y + 9. Let z(u) = 1 + 0 + 0. Let i(g) = -s(g) + 4*z(g). Let k(n) = n**2 + n - 10. Let w be k(-3). What is i(w)?
7
Let p(b) = 0 - b**2 + 3*b**2 - 5*b + 1. Suppose 31*q = 166 - 42. Calculate p(q).
13
Suppose h - 215 = -4*h. Suppose -35 = 2*z - h. Let v(j) = j - 2. Let c(l) = 4*l - 8. Let y(g) = 2*c(g) - 9*v(g). Calculate y(z).
-2
Let v(c) be the first derivative of c**7/840 - c**6/45 + c**5/24 + 7*c**4/24 + 2*c**3/3 + 14. Let b(r) be the third derivative of v(r). Determine b(7).
-7
Let l(x) = 5*x - 4*x + 275 - 281. Give l(10).
4
Let a(i) = -i**3 + 6*i**2 - 5*i + 2. Let n = 105 + -91. Suppose 16*u - 10 = n*u. Calculate a(u).
2
Let q(b) = b**2 + 16*b + 11. Suppose 0 = i + 68*i + 1035. What is q(i)?
-4
Suppose 3*y - 5 - 7 = 0. Let m(i) be the first derivative of i**4/12 - i**3/6 + 9*i**2 - 19. Let v(f) be the second derivative of m(f). Give v(y).
7
Let t(p) = -p**3 - p + 3. Let f(u) = -2*u**2 - 8*u + 2. Suppose 0 = 2*h + 2*h + 16. Let k be f(h). Suppose -k*x = x. What is t(x)?
3
Let v(l) = 12*l**3 + 5*l**2 - 6*l + 5. Let h(s) = s**2 - s + 1. Let z(u) = 5*h(u) - v(u). Let r = 65 - 66. Give z(r).
11
Let f(y) be the first derivative of y**4/4 + 8*y**3/3 + y**2/2 + 11*y + 4. Let i be f(-8). Let x(u) = 4*u**2 + 0*u**3 - u**i - 4 + 4*u + 5 + 2. Calculate x(5).
-2
Let l(h) = 2*h - 4. Let k = 24 - 16. Let f be 4 + k/(-4) - -2. Suppose -2*z = -4 - f. Determine l(z).
4
Let l(b) = -2*b**3 + 22*b**2 - 21*b + 7. Let f be l(10). Let z(o) = o**3 + o**2 - 4*o. Calculate z(f).
-6
Let y(z) = -z**3 + 17*z**2 + 3*z - 45. Let w be y(17). Let h(c) = -c**2 + 7*c - 3. Give h(w).
3
Let c(b) be the second derivative of -b**5/20 - 7*b**4/12 + 11*b**3/6 + 4*b**2 - 78*b. Calculate c(-8).
-16
Let d = -509 + 518. Let m(c) = -2*c**2 + 17*c + 10. Give m(d).
1
Suppose 2*w = -2*w + 16. Let m be 0 + 10 + (3 - w). Let p be (-18)/(-81) - 2/m. Let z(o) = o**2 + o - 1. What is z(p)?
-1
Suppose 0 = -a + 13 - 5. Let y be (0 - 3)/(-6)*-2*-3. Let t(k) = -k**2 + 3*k**y - 11 - 2*k**3 - 8*k**2 + 10*k. Calculate t(a).
5
Let m(s) = s**3 - 6*s**2 + 4*s. Let a be (1 + -7)/((-1)/(-2)). Let d(v) = v**3 + v + 237 + 245 - 477 + 13*v**2 + 11*v. Let n be d(a). Give m(n).
-5
Let w = 17 - 8. Let x(p) = 4*p - 1. Determine x(w).
35
Let r(l) = l**3 + 7*l**2 + 3. Let x be (4 - 2) + 3 + -3. Suppose -p - 21 = x*p. Determine r(p).
3
Let t(r) = -6*r + 1. Let o(y) = 3*y - 8. Let q(c) = -2*c + 5. Let u(w) = -5*o(w) - 8*q(w). Let b(j) = -t(j) - 5*u(j). Determine b(2).
1
Let n = -2 + 3. Let p(y) = -25*y**3 - 1 + 10*y**3 + 8*y**3 + 2*y. Calculate p(n).
-6
Let v(w) = w**3 + 9*w**2 - w + 7. Let d be (-246)/26 + (-564)/(-1222). What is v(d)?
16
Let z(j) = j**2 + 6*j - 37. Let q be z(4). Let w(h) = h**2 - 8*h. Let c be 1 + 0 + 2/2. Let n(p) = -p - 1. Let b(d) = c*n(d) - w(d). What is b(q)?
7
Let f be (-3 - 7) + 4 - -3. Let y(j) be the third derivative of j**5/20 + j**4/6 + 2*j**3/3 - j**2. Calculate y(f).
19
Let o = -1038 + 1039. Let v(c) = 23*c**2 - c. Determine v(o).
22
Let p be 34/34 - -3*1. Let s(n) be the third derivative of 0*n**4 + 0 + 0*n - 1/3*n**3 - 1/120*n**6 - p*n**2 + 1/15*n**5. Calculate s(3).
7
Let c be -6 + -1 + 4 + 4. Let o(i) = 12*i**3 - i. Give o(c).
11
Let t(s) be the first derivative of -2*s**3/3 - s**2/2 - s + 3. Let h(n) be the first derivative of n**4/4 - n**3/3 - n**2/2 + 4. Let o be h(-1). Give t(o).
-2
Let t(i) = 13 + 13*i + 3*i - 35*i + 7*i + 10*i. Determine t(14).
-15
Let f be (-11 - 42/(-3))*(-1 - 0). Let i(n) = -4*n**2 - 2*n + 2. Give i(f).
-28
Let c(b) be the third derivative of -b**6/120 + b**5/15 + b**4/4 + 5*b**3/6 - 342*b**2. Determine c(5).
10
Let l(c) = c**2 + 9*c - 11. Let g = 36 - 39. Let v be ((5*6)/2)/(g/2). Determine l(v).
-1
Let m(q) be the second derivative of q**5/20 - 5*q**4/6 - 3*q**3/2 - 12*q**2 + 2*q + 12. Give m(11).
-2
Let y(k) be the second derivative of -3*k**2 + 0 - 1/3*k**3 - 15*k. What is y(6)?
-18
Let q(h) be the first derivative of 3/2*h**2 - 1/3*h**3 - 6 + 4*h. Let b(w) = w - 2. Let u be b(6). What is q(u)?
0
Suppose 7*b - b = -78. Let a(l) = l**2 + 14*l + 4. Determine a(b).
-9
Let v(w) = w**2 - 13*w + 18. Let n be v(10). Let o be n/20 - 18/(-5). Let z(f) = 3*f - 1. Let p(m) = -16*m + 6. Let q(t) = 4*p(t) + 22*z(t). Determine q(o).
8
Let b(s) = -s**3 + s**2 + s - 1. Let p = -40 - -35. Let z(y) = y**2 - 2*y - 8. Let l be z(p). Let q = -27 + l. Give b(q).
-1
Let f(b) = 12*b**2 - b. Suppose 480 = 4*s - 8*s. Let q = 121 + s. Give f(q).
11
Let v(b) = -b + 2. Let j(u) = -6*u. Let p(k) = j(k) - 5*v(k). Determine p(7).
-17
Let g(x) be the third derivative of -16*x**2 - 2/3*x**3 + 0 - 7/60*x**5 + 0*x + 1/120*x**6 - 7/24*x**4. Give g(8).
4
Let a(z) be the first derivative of -7/2*z**2 + 3*z - 1. Determine a(2).
-11
Let u(h) = -h**2 - 5 - h**3 + 0*h - 2 + h. Suppose 2*b + 120 = -8*b. Let r(v) = -v**2 - 11*v + 12. Let t be r(b). Determine u(t).
-7
Let t(d) = -d**2 + 31*d + 60. Let q be t(33). Let s(c) = -c**2 - 7*c - 4. Calculate s(q).
2
Let n(h) = -2*h + 2. Suppose -5*p + 2*g = -32, -28 = -3*p - g - 0*g. Suppose -9*w - 2 = -p*w. Determine n(w).
6
Let u be (7 - 5 - 0)*-4. Let h(n) = -3*n. Determine h(u).
24
Let v(p) = 14*p**2 + 21*p + 20. Let f be v(-1). Let y(c) = 2*c - 27. Determine y(f).
-1
Suppose -10 = 2*z - 3*i - 2*i, -5*i = 5*z - 10. Let t = 6 + z. Let r(y) = -2*y + 7. Calculate r(t).
-5
Suppose 0 = -i - 6*i. Let y(a) = -7*a + 0*a**2 + a**2 + 6 + i*a**2 + 0*a**2. Determine y(5).
-4
Let f(t) = 366*t - 8 + 368*t - 737*t. What is f(-6)?
10
Let d(g) = -g**2 - 8*g - 4. Suppose 0 = -5*q + 12 + 18. Let u(a) = -2*a**2 + 9*a + 10. Let n be u(q). Calculate d(n).
-4
Let b be (-18)/(-63)*14 + 2. Let z(w) = w**2 - 3*w - 28. Calculate z(b).
-10
Suppose -4*v - 30 = -3*k, -v + k = 3*v + 26. Let c(x) = 2*x**2 - x + 1. Let b(u) = 5*u**2 - 10*u - 1. Let n(d) = -b(d) + 3*c(d). Calculate n(v).
-2
Let h(d) = -18*d - 4. Let c(v) = -17*v - 3. Let w(n) = 8*c(n) - 7*h(n). What is w(-2)?
24
Let i(k) = k**3 + 10*k**2 + 5*k - 2. Suppose -4*r = -4*n - 28, 2*r = -n + 4*r - 5. What is i(n)?
34
Let s(q) = -q**2 - 4*q - 2. Suppose 42*j + 52 = 29*j. Calculate s(j).
-2
Let i(p) be the first derivative of -9*p**4/4 - p**2/2 + p - 121. Let q be ((-2)/(-1))/(3 + -1). Give i(q).
-9
Let s(y) be the first derivative of -y**4/4 + 4*y**3 + 6*y**2 + 19*y + 78. Determine s(13).
6
Let b(x) = 9*x - 3. Let k(v) = -2*v + 10*v - 2 + 2*v. Let u(l) = -3*b(l) + 4*k(l). Determine u(-1).
-12
Let o be 15/(-6)*12/(-15). Let g(k) = 1 - 21*k**2 - 21*k**2 + 38*k**o. Determine g(-2).
-15
Let g(w) = w**3 + 3*w**2 - w + 4. Let j(l) = l**3 + l**2 - 3*l - 2. Let u be j(4). Suppose -9*y - u = 42. Let k 